{"id":364,"date":"2025-09-11T14:59:19","date_gmt":"2025-09-11T12:59:19","guid":{"rendered":"http:\/\/skolalinda.4wdev.cz\/?page_id=364"},"modified":"2025-09-11T14:59:19","modified_gmt":"2025-09-11T12:59:19","slug":"rozvrh","status":"publish","type":"page","link":"https:\/\/www.skolalinda.cz\/dev\/?page_id=364","title":{"rendered":"Rozvrh"},"content":{"rendered":"<div class=\"fusion-fullwidth fullwidth-box fusion-builder-row-1 fusion-flex-container has-pattern-background has-mask-background nonhundred-percent-fullwidth non-hundred-percent-height-scrolling\" style=\"--awb-border-radius-top-left:0px;--awb-border-radius-top-right:0px;--awb-border-radius-bottom-right:0px;--awb-border-radius-bottom-left:0px;--awb-flex-wrap:wrap;\" ><div class=\"fusion-builder-row fusion-row fusion-flex-align-items-flex-start fusion-flex-content-wrap\" style=\"max-width:1331.2px;margin-left: calc(-4% \/ 2 );margin-right: calc(-4% \/ 2 );\"><div class=\"fusion-layout-column fusion_builder_column fusion-builder-column-0 fusion_builder_column_1_1 1_1 fusion-flex-column\" style=\"--awb-bg-size:cover;--awb-width-large:100%;--awb-margin-top-large:0px;--awb-spacing-right-large:1.92%;--awb-margin-bottom-large:0px;--awb-spacing-left-large:1.92%;--awb-width-medium:100%;--awb-order-medium:0;--awb-spacing-right-medium:1.92%;--awb-spacing-left-medium:1.92%;--awb-width-small:100%;--awb-order-small:0;--awb-spacing-right-small:1.92%;--awb-spacing-left-small:1.92%;\"><div class=\"fusion-column-wrapper fusion-column-has-shadow fusion-flex-justify-content-flex-start fusion-content-layout-column\">        <div id=\"skolalinda-rozvrh-wrapper\">\n            \n                        <div class=\"rozvrh-filters\">\n                <select id=\"filter-jazyk\" name=\"jazyk\">\n                    <option value=\"\">Jazyk<\/option>\n                    <option value=\"1\">ANGLI\u010cTINA<\/option><option value=\"2\">N\u011aM\u010cINA<\/option><option value=\"3\">\u0160PAN\u011aL\u0160TINA<\/option><option value=\"4\">FRANCOUZ\u0160TINA<\/option><option value=\"5\">ITAL\u0160TINA<\/option><option value=\"73\">FIN\u0160TINA<\/option><option value=\"74\">\u0160V\u00c9D\u0160TINA<\/option><option value=\"91\">HOLAND\u0160TINA<\/option><option value=\"93\">NOR\u0160TINA<\/option><option value=\"94\">D\u00c1N\u0160TINA<\/option><option value=\"6\">\u0158E\u010cTINA<\/option><option value=\"7\">RU\u0160TINA<\/option><option value=\"11\">ARAB\u0160TINA<\/option><option value=\"12\">\u010c\u00cdN\u0160TINA<\/option><option value=\"13\">\u010cE\u0160TINA- Czech - Tschechisch - tch\u00e8que - checo - \u0447\u0435\u0448\u0441\u043a\u0438\u0439 \u044f\u0437\u044b\u043a<\/option><option value=\"14\">JAPON\u0160TINA<\/option><option value=\"15\">HEBREJ\u0160TINA<\/option><option value=\"16\">POL\u0160TINA<\/option><option value=\"17\">MA\u010eAR\u0160TINA<\/option><option value=\"18\">TURE\u010cTINA<\/option><option value=\"62\">CHORVAT\u0160TINA<\/option><option value=\"63\">UKRAJIN\u0160TINA<\/option><option value=\"70\">LATINA<\/option>                <\/select>\n                \n                <select id=\"filter-kategorie\" name=\"kategorie\">\n                    <option value=\"\">Kategorie<\/option>\n                    <option value=\"1\">D\u011bti a ml\u00e1de\u017e<\/option><option value=\"4\">Senio\u0159i<\/option><option value=\"3\">Dosp\u011bl\u00ed<\/option>                <\/select>\n                \n                <select id=\"filter-uroven\" name=\"uroven\">\n                    <option value=\"\">\u00darove\u0148<\/option>\n                    <option value=\"96\">Konverzace (B2 a C1)<\/option><option value=\"1\">Za\u010d\u00e1te\u010dn\u00edci (A1.0) - gramaticko konverza\u010dn\u00ed kurzy<\/option><option value=\"2\">Za\u010d\u00e1te\u010dn\u00edci Plus (A1.1) - gramaticko konverza\u010dn\u00ed kurzy<\/option><option value=\"3\">Pokro\u010dil\u00ed Za\u010d\u00e1te\u010dn\u00edci (A1.2) - gramaticko konverza\u010dn\u00ed kurzy<\/option><option value=\"4\">M\u00edrn\u011b Pokro\u010dil\u00ed (A2.1) - gramaticko konverza\u010dn\u00ed kurzy<\/option><option value=\"5\">St\u0159edn\u011b Pokro\u010dil\u00ed (B1.1) - gramaticko konverza\u010dn\u00ed kurzy<\/option><option value=\"6\">Konverzace s rodil\u00fdm mluv\u010d\u00edm (B1 a B2)<\/option><option value=\"7\">FCE p\u0159\u00edpravn\u00fd kurz<\/option><option value=\"8\">CAE p\u0159\u00edpravn\u00fd kurz<\/option><option value=\"10\">Angli\u010dtina pro mana\u017eery (A2 a B1) - Business English<\/option><option value=\"11\">Angli\u010dtina do zam\u011bstn\u00e1n\u00ed (A2 a B1) - asistent\/ka, referent\/ka<\/option><option value=\"12\">Obchodn\u00ed n\u011bm\u010dina (B1 a B2) - Wirtschaftsdeutsch<\/option><option value=\"13\">N\u011bm\u010dina do zam\u011bstn\u00e1n\u00ed (A2 a B1) - asistent\/ka, referent\/ka<\/option><option value=\"18\">Pro nejmen\u0161\u00ed (5 a\u017e 7 let )<\/option><option value=\"19\">YLE Cambridge Starters (6 a\u017e 8 let)<\/option><option value=\"20\">YLE Cambridge Movers (8 a\u017e 11 let)<\/option><option value=\"21\">YLE Cambridge Flyers (9 a\u017e 12 let)<\/option><option value=\"22\">YLE Cambridge PET (14 a\u017e 17 let)<\/option><option value=\"24\">Za\u010d\u00e1te\u010dn\u00edci (3. a\u017e 5. t\u0159. Z\u0160)<\/option><option value=\"25\">Za\u010d\u00e1te\u010dn\u00edci (6. t\u0159. Z\u0160 a\u017e 17 let)<\/option><option value=\"26\">Konverzace za\u010d\u00e1te\u010dn\u00edk (3. a\u017e 5. t\u0159. Z\u0160)<\/option><option value=\"27\">Konverzace (6. t\u0159. Z\u0160 a\u017e 17 let)<\/option><option value=\"28\">Konverzace za\u010d\u00e1te\u010dn\u00edk (5 let a\u017e 2. t\u0159. Z\u0160)<\/option><option value=\"29\">YLE Cambridge KET (11 a\u017e 14 let)<\/option><option value=\"47\">Pokro\u010dil\u00ed (B2) - gramaticko konverza\u010dn\u00ed kurzy<\/option><option value=\"51\">V\u011b\u010dn\u00fd za\u010d\u00e1te\u010dn\u00edk (A1.1) - gramaticko konverza\u010dn\u00ed kurzy<\/option><option value=\"95\">Za\u010d\u00e1te\u010dn\u00edci Plus (6. t\u0159. Z\u0160 a\u017e 17 let)<\/option>                <\/select>\n                \n                <select id=\"filter-doba\" name=\"doba\">\n                    <option value=\"\">Denn\u00ed doba<\/option>\n                    <option value=\"1\">rann\u00ed<\/option><option value=\"2\">dopoledn\u00ed<\/option><option value=\"3\">odpoledn\u00ed<\/option><option value=\"4\">ve\u010dern\u00ed<\/option><option value=\"5\">Linda v\u00edkend<\/option>                <\/select>\n                \n                <select id=\"filter-misto\" name=\"misto\">\n                    <option value=\"\">M\u00edsto v\u00fduky<\/option>\n                    <option value=\"1\">Praha, H\u00e1je<\/option><option value=\"2\">Praha, Vy\u0161ehrad<\/option><option value=\"3\">Praha, Karlovo n\u00e1m\u011bst\u00ed<\/option><option value=\"4\">Online<\/option>                <\/select>\n            <\/div>\n                        \n            <p class=\"rozvrh-description\">Vyberte si jazyk, \u00farove\u0148, denn\u00ed dobu, m\u00edsto a kategorii kurzu<\/p>\n            \n            <div id=\"courses-container\">\n                <!-- Kurzy se zobraz\u00ed a\u017e po v\u00fdb\u011bru filtr\u016f -->\n            <\/div>\n        <\/div>\n        <\/div><\/div><\/div><\/div>\n","protected":false},"excerpt":{"rendered":"","protected":false},"author":1,"featured_media":0,"parent":0,"menu_order":0,"comment_status":"closed","ping_status":"closed","template":"100-width.php","meta":{"_acf_changed":false,"footnotes":""},"class_list":["post-364","page","type-page","status-publish","hentry"],"acf":[],"_links":{"self":[{"href":"https:\/\/www.skolalinda.cz\/dev\/index.php?rest_route=\/wp\/v2\/pages\/364","targetHints":{"allow":["GET"]}}],"collection":[{"href":"https:\/\/www.skolalinda.cz\/dev\/index.php?rest_route=\/wp\/v2\/pages"}],"about":[{"href":"https:\/\/www.skolalinda.cz\/dev\/index.php?rest_route=\/wp\/v2\/types\/page"}],"author":[{"embeddable":true,"href":"https:\/\/www.skolalinda.cz\/dev\/index.php?rest_route=\/wp\/v2\/users\/1"}],"replies":[{"embeddable":true,"href":"https:\/\/www.skolalinda.cz\/dev\/index.php?rest_route=%2Fwp%2Fv2%2Fcomments&post=364"}],"version-history":[{"count":1,"href":"https:\/\/www.skolalinda.cz\/dev\/index.php?rest_route=\/wp\/v2\/pages\/364\/revisions"}],"predecessor-version":[{"id":365,"href":"https:\/\/www.skolalinda.cz\/dev\/index.php?rest_route=\/wp\/v2\/pages\/364\/revisions\/365"}],"wp:attachment":[{"href":"https:\/\/www.skolalinda.cz\/dev\/index.php?rest_route=%2Fwp%2Fv2%2Fmedia&parent=364"}],"curies":[{"name":"wp","href":"https:\/\/api.w.org\/{rel}","templated":true}]}}